tors of a(g)?
103
Let h be 154 + ((-3)/2)/(12/(-16)). Suppose m - h = -2*m. List the prime factors of m.
2, 13
Suppose 7*h + 15 = 2*h, 5*n - 56 = 2*h. Suppose 2*v - 4*v + n = 0. Let j = v - -1. List the prime factors of j.
2, 3
Let o(b) = 5*b + 5. Let c be o(2). Suppose -s = c*s - 3424. List the prime factors of s.
2, 107
Suppose 0 = 2*q - 3*s, 0*q - 5*q + s - 13 = 0. Let g be -6*(q + 3 + -9). Let k = -17 + g. What are the prime factors of k?
37
Let b be 2/9 - 79/(-9). Let h(w) = w**3 - 9*w**2 - w + 13. Let l be h(b). Suppose 0 = -5*i + 39 - l. What are the prime factors of i?
7
Let x = 426 - 776. Let t = -200 - x. What are the prime factors of t?
2, 3, 5
Let n be (-2 + 0/(-4))*-3. Let i(o) = -o**2 + 15*o + 19. Let g be i(16). Suppose 0*l = g*l - n. What are the prime factors of l?
2
Let l(u) = -3*u - 3. Let c be l(-4). Let b = c - 9. Suppose b = 4*m - 2*m - 50. List the prime factors of m.
5
Let x = 1136 - 758. Suppose 42 = -4*d + x. What are the prime factors of d?
2, 3, 7
Let p = 4 + -2. Suppose 0 = -t - 4*j + 28 - 0, 4*j = p*t + 4. List the prime factors of t.
2
Suppose -9*a - 4*a + 3445 = 0. What are the prime factors of a?
5, 53
Suppose 0 = -3*c + 3 + 3. Suppose -5*j + 4*t = -t - 250, 0 = -c*j - 3*t + 105. Suppose 0 = -5*v - 15, 0 = -3*u - 5*v + j - 9. What are the prime factors of u?
19
Suppose 15*c - 228 = 117. List the prime factors of (c - 19)*(-122)/(-8).
61
Let s = 39 - 5. Suppose -4*y + 66 = -s. Suppose 21*o + 192 = y*o. What are the prime factors of o?
2, 3
Let c(y) = y**2 + 3*y + 6. Suppose 3*a + t - 4 = 0, 4*a + 3*t = 3*a + 12. Let w = a - 5. List the prime factors of c(w).
2
Let k(b) = -b + 1. Let r(p) = p**2 + 19*p - 10. Let z(m) = 3*k(m) - r(m). What are the prime factors of z(-19)?
2, 5, 7
Let u(x) = 11*x + 78. What are the prime factors of u(5)?
7, 19
Let v be 2/3 - 46/6. Let h = v - -10. Suppose -c = -0 - h. What are the prime factors of c?
3
Let z(n) = n**3 - 2*n**2 - 94*n + 47. What are the prime factors of z(14)?
3, 19
Let o(f) = 29*f + 89. What are the prime factors of o(11)?
2, 3, 17
Suppose -9*n = -5*n + 12. What are the prime factors of -6 + (0/(-3) - n) - -65?
2, 31
Let p(h) = 5*h - 15. Let z(q) = -q. Let o(b) = -p(b) - 4*z(b). Let v be o(11). Suppose v*r = -0*r + 44. What are the prime factors of r?
11
What are the prime factors of 1198/(-5)*-5 + -4?
2, 3, 199
Let x be ((-78)/(-15))/2 - (-12)/30. Suppose 3*k - 3*z - 195 = 0, x*k - z - 199 = 3*z. List the prime factors of k.
61
Suppose 2*s + 34 = q, -5*q - 32 = s - 257. What are the prime factors of q?
2, 11
Suppose -5*z + 674 = -486. What are the prime factors of z?
2, 29
Let y(u) = -98*u + 235. List the prime factors of y(-43).
3, 1483
Let g be 2 + -6 - (3 + -7). Suppose -5*p + 197 + 118 = g. List the prime factors of p.
3, 7
Let g(x) = -3*x - 19. Let o = -16 - 0. List the prime factors of g(o).
29
Let u = 93 + -164. Let r = u + 88. List the prime factors of r.
17
Let i(p) = 72*p**2 + 85*p - 3. What are the prime factors of i(7)?
2, 5, 103
Let b(o) = o + 2*o**2 - 8*o + 8 + 0. What are the prime factors of b(4)?
2, 3
Let y = -156 + 184. What are the prime factors of y?
2, 7
Suppose 2*f = -2*n - 2*f - 960, 0 = -f - 3. Let x be 4/26 - n/(-39). List the prime factors of (x/(-8) + 1)*2.
5
Suppose 0 = 2*n + 3*n + c - 9, -n + 5 = -3*c. Suppose 3*f - n*f = 2*j + 118, -3*f = -3*j - 369. List the prime factors of f.
2
Suppose 218 = 4*t + 66. Let h be 5*(76/10)/(6/15). Suppose r - h = -5*c, t = 2*c - 0*r - 2*r. List the prime factors of c.
19
Let q(v) be the third derivative of -5*v**4/6 - 29*v**3/6 - 32*v**2. What are the prime factors of q(-8)?
131
Let w(m) = -m**2 - 5*m - 7. Let h be w(-3). List the prime factors of 4 - ((-3 - 1 - h) + -205).
2, 53
Let j(p) = -15*p + 5. Let o(z) = 8*z - 2. Let t(u) = -6*j(u) - 11*o(u). Let w be t(-5). Let c = -2 - w. What are the prime factors of c?
2
Let f(t) = -4 - 6 - 4*t - 10 + 1. What are the prime factors of f(-9)?
17
Let o(g) = -2*g**3 + 9*g**2 - 19*g - 11. Let t(x) = -3*x**3 + 17*x**2 - 37*x - 21. Let y(w) = -5*o(w) + 3*t(w). List the prime factors of y(-7).
5, 11
Let p = 87 + -58. Let f(v) = -v**3 + 29*v**2 + 7*v - 46. What are the prime factors of f(p)?
157
Let x = -37 - -71. Suppose 0 = 4*y + 4*f - 146 - x, 3*y - 3*f - 165 = 0. List the prime factors of (4/1)/4 + y.
3, 17
Suppose 0 = 11*l - l - 20. Suppose 4*o = 5*g - 139, l*g = 4*g + 3*o - 74. List the prime factors of g.
31
Let i(q) = q**3 + 9*q**2 - q - 6. Let j be i(-9). Suppose 198 = 6*z - j*z. Suppose u - 3*a - 82 = -u, 2*u - z = -a. What are the prime factors of u?
5, 7
Suppose 79 + 563 = 2*f. List the prime factors of f.
3, 107
Let p(t) = t**3 + 12*t**2 + 5*t - 3. What are the prime factors of p(6)?
3, 5
Let x(c) = -c**3 - 41*c**2 + 50*c - 82. What are the prime factors of x(-44)?
2, 41, 43
Let y be (-2)/7 + 74/14 - 3. Suppose 0 = 4*b + 2*h - 165 + 21, 4*h = -y*b + 72. What are the prime factors of b?
2, 3
Let l(g) = -7 - 2*g**3 + 2*g**3 - 7*g + 0*g**3 - 3*g**2 + g**3. What are the prime factors of l(6)?
59
Suppose 3*n + 9679 = 2*z, n - 14720 = -4*z + 4673. List the prime factors of z.
37, 131
Let d(m) = m**3 + 5*m**2 + 4*m - 1. Let j be d(-3). Suppose c - 199 = -t, 1102 - 303 = 4*t + j*c. List the prime factors of t.
2, 7
Let k = -17 + 22. Suppose -165 = -k*a + 345. What are the prime factors of a?
2, 3, 17
Let y = 1329 - 390. What are the prime factors of y?
3, 313
Suppose -3*n = -d - 18572, -6789 - 17971 = -4*n + 4*d. What are the prime factors of n?
41, 151
Let x(g) = 2*g**3 + 3*g - 28. Let k be x(0). Let c(z) = -6*z**3 - z**2 + 2*z - 1. Let q be c(-2). Let d = q + k. What are the prime factors of d?
11
Let t(a) = 7*a - 2. Let v be t(-1). Let s(r) = -8*r - 12. List the prime factors of s(v).
2, 3, 5
Let r = 699 - 142. What are the prime factors of r?
557
Suppose 4*w = 5*r + 8316, -2*w + 4158 = 22*r - 23*r. List the prime factors of w.
3, 7, 11
Let o(y) = -y**2 - 4*y - 2. Let x be o(-2). Suppose 0 = -l - 2*s + 42, -126 = -x*l - 2*s - 34. What are the prime factors of l?
2, 5
Let d = 183 + 227. What are the prime factors of d?
2, 5, 41
Let o be -1 + (1 + -5 - -1600). Suppose -16*c - 139 = -o. What are the prime factors of c?
7, 13
Suppose 4*h - 5*t + 31 = 0, -2 + 6 = 2*h + 4*t. Let l = h - 1. What are the prime factors of 6/l*(-585)/26?
3
Let z be 8 + -11 + (-1 - -1). Let q(n) = -3*n**2 + 5*n + 2. Let u be q(z). List the prime factors of u/(-24) + 1/3.
2
Suppose 3*w = 2*w + 2. Suppose -k = w*k - 72. What are the prime factors of k?
2, 3
Let g(v) = -6*v - 5. Let k be g(-12). Suppose -3*b = -5*w - k, w + 13 + 10 = b. List the prime factors of b/1*12/9.
2
Let g be (-3)/(-2) - 975/(-6). Suppose -3*j = j - g. Suppose j = 2*y - 9. List the prime factors of y.
5
Suppose 0 = -w - 0*w + 2. Let v(l) = 0*l**2 + 4 + l + 3*l + l**w - 5*l. List the prime factors of v(5).
2, 3
Let r(l) = l**3 - 7*l**2 + 3*l + 7. Let d be r(7). Let x be ((-7)/(-2))/(14/d). Suppose -x*s = -8*s + 25. List the prime factors of s.
5
Let c(t) = -t**3 + 4*t - 6. Let g be c(-4). Let o = g - -109. What are the prime factors of o?
151
Let c = -12 + 24. Let o(a) = a**2 + 6*a**2 - a**3 - 3*a**2 + 2*a + 3*a**2 - c. What are the prime factors of o(5)?
2, 3
Let p(n) = -n**2 - 9*n + 12. Let h be p(-11). Let m be (-48)/(-40)*h/(-3). Suppose l - 1 = m. What are the prime factors of l?
5
Suppose 5*l + 3*v = 2732, -2*v - 3*v = -4*l + 2156. List the prime factors of l.
2, 17
Let m(i) = i**2 - 5*i - 8. Let p be m(7). Let u be (-2)/7 + (-4)/(-14). Suppose 2*l - p*l + 100 = u. What are the prime factors of l?
5
Let s(k) be the third derivative of 0*k + 0*k**3 + 1/120*k**6 - 8*k**2 + 0 - 1/30*k**5 - 7/24*k**4. What are the prime factors of s(5)?
2, 5
Let u = 4281 - 2297. What are the prime factors of u?
2, 31
Suppose -6*j - 9828 = -8*j - 2*l, -2*j + 9832 = 4*l. What are the prime factors of j?
2, 307
Suppose -4*m = 0, 4*d - 7*m = -4*m + 3200. Suppose 61*x = 57*x + d. List the prime factors of x.
2, 5
Let q = 56 - -88. Suppose -4*v + 3 = -2*g + 5, g - 3*v = -1. Suppose g*z + 2*f - 147 = -2*f, 5*z + 3*f = q. What are the prime factors of z?
3
What are the prime factors of 7305/(-6)*56/(-35)?
2, 487
Suppose -9*v = 115 - 25. Let g = v + 77. What are the prime factors of g?
67
Let p(m) = 4*m**2 - 3*m - 3*m**2 + 3*m**2 - 3